e third derivative of -5*q**4/24 - 2*q**2 - 53. Suppose -8*g = -3*g - 2*t - 5, -2*g - t = -11. Suppose -4*v + 1 = -g. What is b(v)?
-5
Let q be 0/(-1) - (-20)/(-4). Let s(u) be the first derivative of -u**3/6 - 2*u**2 - 225*u + 145. Let c(v) be the first derivative of s(v). Calculate c(q).
1
Let d be ((3 - -2) + -3)/((-28)/(-8358)). Let q(p) = -6*p + p - 590 + d + 6*p**2 + 0*p**2 - p**3. Determine q(5).
7
Suppose -t = 7*t - 56. Let x(s) = 7*s**2 + 34*s + t - s**2 - 40*s + s**3. Let b be x(-7). Let k(d) = d**2 - 2. What is k(b)?
-2
Let y(g) = 11*g**2 - 7*g - 8. Let j be -6 + 10 - ((-180)/48)/(6/(-8)). Calculate y(j).
10
Let g = 17 - 4. Suppose 2*n = -g + 3. Let u(r) = 3*r + 3. Let b(k) = -k - 1. Let c(p) = 17*b(p) + 6*u(p). Calculate c(n).
-4
Let y(m) be the third derivative of -m**6/120 + m**5/60 - m**4/12 - m**3/6 + 101*m**2. Let d(r) = 2*r**3 + 4*r**2 + r + 4. Let f(q) = -d(q) - y(q). Give f(-5).
-8
Let j(b) be the third derivative of 0*b + 117*b**2 + 0 - 5/6*b**3 + 1/12*b**4. Let f = -16 + 22. Determine j(f).
7
Let d = -7639 - -7637. Let y(u) = 9*u**3 - 2*u**2 + 4. Calculate y(d).
-76
Let c = -71 + 77. Let z(p) = -p**2 - 11*p + 16. Let n be z(-11). Let k(s) = n - 14 - s + c. What is k(5)?
3
Let g(v) = -2*v**2 - 2*v + 4. Suppose -5*k + 29 + 46 = 0. Suppose k*u + 45 = -0*u. Calculate g(u).
-8
Suppose -o - 15 = -6*o. Suppose -o*n + 2 = -1. Let c(w) = w**2 + 6*w**3 - w + 0*w**3 - 5*w**3 + 10*w**3. Calculate c(n).
11
Let d(j) = -j**3 - 3*j**2 + 5*j + 6. Let o be (6 + -14)/(-2) + 89/1. Let k = 89 - o. Determine d(k).
2
Let p(l) = 13*l**3 + 1. Let z = 3061 - 3062. Determine p(z).
-12
Let a(q) = -4*q - 39. Let h(z) = 2*z + 14. Let v(l) = 2*a(l) + 5*h(l). What is v(9)?
10
Suppose -n - 333 = -10*n. Suppose 0 = 12*p + n + 47. Let z(s) = 13*s - 7*s**2 - 7*s - 4*s**3 + 3*s**3 - 5*s. Determine z(p).
-7
Let c(u) = -11*u**3 + 4*u**2 - u + 3. Let w(q) = 14*q**3 + 3*q**2 + 5*q + 2. Let m(d) = -c(d) - w(d). Calculate m(-2).
-1
Let c(a) be the first derivative of 7*a**3/3 - 23*a**2/2 - 41*a + 5300. What is c(-2)?
33
Let u = -3684 - -3688. Let j(k) = -k**3 + 5*k**2 - 3*k - 5. Determine j(u).
-1
Let u(r) = -1 - 58*r + 29*r - 5 + 3 + 30*r. Let q be (15 + 6)*2/(-6). Let c(h) = -h**3 - 7*h**2 - h. Let p be c(q). Determine u(p).
4
Let s(a) = -a - 102. Let t(o) = -o - 79. Let d(l) = -3*s(l) + 4*t(l). Let u(y) = 3*y - 10 - 2*y + 7. Let p be u(-3). Give d(p).
-4
Let t(f) = f. Let v(x) = -x**3 + 10*x**2 - 4*x + 12. Let i(q) = -3*t(q) - v(q). Let a be (((-10)/(-7))/(-1))/(9/(-63)). Determine i(a).
-2
Let s = 10 + 14. Let c = s + -24. Let l(g) = 3*g**2 - 11*g + 12. Let f(w) = -w**2 + 4*w - 4. Let b(u) = -8*f(u) - 3*l(u). Calculate b(c).
-4
Suppose 0 = 11*i + 8*i - 190. Suppose -14*v - i = -16*v. Let z(u) = -4 + 3 - 2 + 1 + u. Calculate z(v).
3
Let z(a) = -32*a + 94. Let d(b) = -13*b + 39. Let s(f) = 12*d(f) - 5*z(f). Let n(t) = t + 2. Let o be n(0). Calculate s(o).
6
Let r(y) = -y**2 + 6*y - 3. Let x(n) = -2*n + 1 - 3 - 3 - 5 + 0. Suppose 4*q = -40 + 12. Let f be x(q). Give r(f).
5
Let b = -103 + 103. Suppose -h - 31 = 3*h + p, b = p - 1. Let g(t) = t - 6. Determine g(h).
-14
Let m(r) = -r + 1. Suppose 0 = 18*u + 9 + 45. Let z(n) = 7*n - 2. Let j(p) = u*m(p) - z(p). Calculate j(1).
-5
Let d(y) = -23*y**2 - 50*y - 292. Let n(i) = -13*i**2 - 25*i - 145. Let x(b) = 4*d(b) - 7*n(b). Calculate x(-11).
1
Let l(h) be the first derivative of 3*h**2/2 + 8*h - 1174. Calculate l(-6).
-10
Let z(o) = -20*o + 3. Let f = -9350 + 9352. Determine z(f).
-37
Let w(l) = -l**2 - 2123 - 2066 + 4094 + 24*l. What is w(19)?
0
Suppose -7*a - 8*a = -180. Suppose -a = 3*r, 5*t = -3*r - 1 + 9. Let f(j) be the third derivative of j**4/12 - j**3/2 + 2*j**2. Determine f(t).
5
Suppose 0 = -r - 3 + 44. Suppose -4 = -r*i + 39*i. Let u(q) = 7*q + i*q**2 - 3*q**2 + 32 - 43. Determine u(8).
-19
Let b be 3*24*(-5 + (-133)/(-21)). Suppose h - b = -96. Let l(u) = -u**3 + u**2 - 2*u + 6. Give l(h).
6
Let c(i) = 3796*i - 11422*i + 3782*i - 3*i**2 + 3804*i - 85. Determine c(-11).
-8
Let u(h) = -2*h**2 - h - 2. Let s(j) = -13 - 13 + 17*j**2 + 30*j - 60*j + 25*j - 2*j**3. Let p be s(8). Calculate u(p).
-8
Let c = -3251 - -3218. Let h(n) = -n**3 - 32*n**2 + 40*n + 236. What is h(c)?
5
Let f(z) = 188 - 63 - 57 - 8*z**2 - 66 - z**3 - 13*z. Determine f(-6).
8
Let s(h) = -h**3 - 17*h**2 - 2*h + 5. Let p(w) = -w**3 - 15*w**2 - w + 6. Let j be ((-5 - -6)*8)/(-2). Let t(a) = j*p(a) + 3*s(a). Calculate t(-9).
9
Let g be ((-650)/16)/(-13) - (-3)/(-24). Let f(y) = 3*y + y**2 - y**3 - 10*y**2 + 0*y**3 - 2*y - g + 3*y**2. Determine f(-6).
-9
Let q = 4 + -7. Let g(o) = -229*o**2 + 338*o**2 - 112*o**2 + 3 - 2. Determine g(q).
-26
Let l(i) = 7*i - 127. Suppose 216 = 13*r - r. What is l(r)?
-1
Let g(f) = -13*f**2 - 21*f + 23. Let w(h) = -6*h**2 - 10*h + 11. Let m(b) = 4*g(b) - 9*w(b). Suppose -4*n - 49 = -3*v, -v + 58*n = 53*n - 53. Calculate m(v).
29
Let p(l) = l**3 + 5*l**2 + 6*l - 7. Let a(c) = c**3 + 5*c**2 + 5*c - 6. Let i(f) = 4*a(f) - 3*p(f). Let s = 72 + -72. Suppose -y + s = 4. Give i(y).
5
Let c(p) = -11. Let v(j) = 34. Let x(w) = -3*c(w) - v(w). Let s(y) be the third derivative of y**4/8 - y**3/6 - y**2. Let a(l) = s(l) - 2*x(l). What is a(-1)?
-2
Let f(b) = -2*b - 23. Suppose -6*r = -8*r + 3*v + 1, 4*r - 11 = 3*v. Determine f(r).
-33
Let v(o) = -3 + 3*o + 0*o - 2*o. Let b(r) = 30*r. Let f be b(1). Suppose 2*w = -18 + f. Give v(w).
3
Suppose l = -3*l + 28. Let x(h) be the first derivative of -136 - 1/3*h**3 + 6*h + 7/2*h**2. Determine x(l).
6
Let u(p) = 11*p - 13. Suppose 0 = 4*a + 16, 2*a + 8 = j - 4. Let d(k) = 13*k - 15. Let c(i) = j*u(i) - 3*d(i). Determine c(6).
23
Let i(g) = -5*g**2 - 2*g + 1. Let s(f) = f. Let m(a) = -3*a - 10. Let b(w) = -m(w) - 6*s(w). Let r be b(16). Let u be (-16)/136 + r/(-34). What is i(u)?
-6
Let b(i) = i**2 + 47*i + 553. Let t be b(-25). Let q(z) = z + 16. Let h(r) be the first derivative of r**2 + 17*r - 1. Let a(x) = t*q(x) - 2*h(x). What is a(6)?
8
Let p(t) = 8*t + 1 + t**2 + 7 + 19 - 6. Let n be p(-5). Let g(u) = u**2 - 7*u - 3. Determine g(n).
-9
Let d = 14 + 13. Suppose -3*f + 69 = d. Let g(i) = 5*i + 8*i + 2 + f*i - 28*i. What is g(-6)?
8
Let p(d) = 4*d - 1. Let r = -196 - -199. Let h(o) = -4*o + 7*o - o + 2*o. Let j(g) = r*h(g) - 2*p(g). What is j(-4)?
-14
Let a be -20 + 5 + -3 + 5 + -1*9. Let y(m) = m**2 + 27*m + 131. Determine y(a).
21
Let f(v) be the first derivative of -v**3/3 - 2*v**2 + 29*v + 1937. Calculate f(5).
-16
Let d be ((-14)/4)/7 + (-7)/(-2) + -1. Let y(a) be the second derivative of -13*a**3/6 - a**2/2 + a. Determine y(d).
-27
Let q(u) be the second derivative of -11*u**3/6 - 7*u**2 - 46*u. Let b(h) = 6*h + 7. Let c(k) = 7*b(k) + 4*q(k). Calculate c(-5).
3
Let z be 0/(5 + -1 + -2). Let l(r) = r + z*r**3 - r**3 + 0 - 1. Calculate l(0).
-1
Let p(g) = -g**3 + 5*g**2 - 4*g. Suppose 17*f = 11*f + 654. Let h = f + -106. Calculate p(h).
6
Let w(d) = -6*d + 26 + 29 + 0*d + 17 - 101. What is w(-16)?
67
Let n(t) = 3*t + 20 + 30 - 2*t - 51. Suppose o + 0*o - 7 = 0. Let q = 9 - o. Determine n(q).
1
Suppose 3*c - 2*c - 6 = 0. Let x be ((-656)/48 - -14)*(-1 - -1). Suppose 6 = -c*n - x. Let z(d) = -2*d**2 + 2*d + 1. Give z(n).
-3
Let q(m) = 144*m**2 - 10*m + 5 - 15 - 145*m**2. Let v be 6/(120/4) - 92/10. Give q(v).
-1
Let l(v) = v**2 + 2*v - 2. Let m(r) = -2*r**2 - 2*r + 4. Let b(p) = -3*l(p) - 2*m(p). Calculate b(4).
6
Let d be 4/14 - 26/(-7). Let o(u) = 147*u - 8. Let h(r) = -783*r + 41. Let y(a) = 3*h(a) + 16*o(a). Determine y(d).
7
Let v be 16/(-5)*(-20)/8. Let t(s) = s**3 - 9*s**2 + 6*s + 10. Determine t(v).
-6
Let g(t) = -37*t - 146. Let r(m) = 12*m + 42. Let f(l) = -2*g(l) - 7*r(l). Give f(1).
-12
Suppose -4*f + 43 = -x, -f + 0*f = 4*x - 32. Suppose -6 = -3*l + l - k, k - f = -5*l. Let s(i) = -3*i**2 - i + 1. Give s(l).
-13
Let f(s) = 2*s - 7057 + 3*s + 14083 - 7059. Calculate f(7).
2
Let i(u) = -u**2 - 3*u + 6*u + 6*u. Let v = -50 - -55. Suppose v*z = 93 - 48. Give i(z).
0
Let p = 38 - 33. Suppose p*y - 1 - 3 = b, -5*y = -3*b + 38. Let t(m) = -3*m + 9*m + b*m**2 + m**3 - 51*m**2 + 23*m**2 + 6. Determine t(5).
-14
Suppose -o - a = -4, 4*o + 15*a = 12*a + 14. Let s(p) = 22*p - 44. Determine s(o).
0
Let p(c) be the first derivative of -1/120*c**6 - 1/12*c**4 - 4/3*c**3 + 2